{"version":"1.0","provider_name":"Bordeaux population health","provider_url":"https:\/\/www.bordeaux-population-health.center\/fr\/","title":"Cannabis et sommeil : l\u2019insomnie serait deux fois plus fr\u00e9quente chez les \u00e9tudiants qui en consomment tous les jours | Bordeaux population health","type":"rich","width":600,"height":338,"html":"<blockquote class=\"wp-embedded-content\" data-secret=\"0W6EoXyMP6\"><a href=\"https:\/\/www.bordeaux-population-health.center\/fr\/cannabis-et-sommeil\/\">Cannabis et sommeil : l\u2019insomnie serait deux fois plus fr\u00e9quente chez les \u00e9tudiants qui en consomment tous les jours<\/a><\/blockquote><iframe sandbox=\"allow-scripts\" security=\"restricted\" src=\"https:\/\/www.bordeaux-population-health.center\/fr\/cannabis-et-sommeil\/embed\/#?secret=0W6EoXyMP6\" width=\"600\" height=\"338\" title=\"\u00ab\u00a0Cannabis et sommeil : l\u2019insomnie serait deux fois plus fr\u00e9quente chez les \u00e9tudiants qui en consomment tous les jours\u00a0\u00bb &#8212; Bordeaux population health\" data-secret=\"0W6EoXyMP6\" frameborder=\"0\" marginwidth=\"0\" marginheight=\"0\" scrolling=\"no\" class=\"wp-embedded-content\"><\/iframe><script type=\"text\/javascript\">\n\/* <![CDATA[ *\/\n\/*! This file is auto-generated *\/\n!function(d,l){\"use strict\";l.querySelector&&d.addEventListener&&\"undefined\"!=typeof URL&&(d.wp=d.wp||{},d.wp.receiveEmbedMessage||(d.wp.receiveEmbedMessage=function(e){var t=e.data;if((t||t.secret||t.message||t.value)&&!\/[^a-zA-Z0-9]\/.test(t.secret)){for(var s,r,n,a=l.querySelectorAll('iframe[data-secret=\"'+t.secret+'\"]'),o=l.querySelectorAll('blockquote[data-secret=\"'+t.secret+'\"]'),c=new RegExp(\"^https?:$\",\"i\"),i=0;i<o.length;i++)o[i].style.display=\"none\";for(i=0;i<a.length;i++)s=a[i],e.source===s.contentWindow&&(s.removeAttribute(\"style\"),\"height\"===t.message?(1e3<(r=parseInt(t.value,10))?r=1e3:~~r<200&&(r=200),s.height=r):\"link\"===t.message&&(r=new URL(s.getAttribute(\"src\")),n=new URL(t.value),c.test(n.protocol))&&n.host===r.host&&l.activeElement===s&&(d.top.location.href=t.value))}},d.addEventListener(\"message\",d.wp.receiveEmbedMessage,!1),l.addEventListener(\"DOMContentLoaded\",function(){for(var e,t,s=l.querySelectorAll(\"iframe.wp-embedded-content\"),r=0;r<s.length;r++)(t=(e=s[r]).getAttribute(\"data-secret\"))||(t=Math.random().toString(36).substring(2,12),e.src+=\"#?secret=\"+t,e.setAttribute(\"data-secret\",t)),e.contentWindow.postMessage({message:\"ready\",secret:t},\"*\")},!1)))}(window,document);\n\/\/# sourceURL=https:\/\/www.bordeaux-population-health.center\/wp-includes\/js\/wp-embed.min.js\n\/* ]]> *\/\n<\/script>\n","thumbnail_url":"https:\/\/www.bordeaux-population-health.center\/wp-content\/uploads\/2023\/03\/cannabis_bandeau.jpg","thumbnail_width":819,"thumbnail_height":443,"description":"Des chercheurs de l&rsquo;\u00e9quipe HEALTHY ont publi\u00e9 dans Psychiatry Research une analyse approfondie sur l\u2019association entre la consommation de cannabis et les troubles du sommeil dans un large \u00e9chantillon d\u2019\u00e9tudiants universitaires de 14 787 personnes issues de la cohorte i-Share. \u00a9 Unsplash En France, plus de la moiti\u00e9 des \u00e9tudiants pr\u00e9sentent des troubles du sommeil. [&hellip;]"}

Cannabis et sommeil : l’insomnie serait deux fois plus fréquente chez les étudiants qui en consomment tous les jours | Bordeaux population health

<blockquote class="wp-embedded-content" data-secret="0W6EoXyMP6"><a href="https://www.bordeaux-population-health.center/fr/cannabis-et-sommeil/">Cannabis et sommeil : l’insomnie serait deux fois plus fréquente chez les étudiants qui en consomment tous les jours</a></blockquote><iframe sandbox="allow-scripts" security="restricted" src="https://www.bordeaux-population-health.center/fr/cannabis-et-sommeil/embed/#?secret=0W6EoXyMP6" width="600" height="338" title="« Cannabis et sommeil : l’insomnie serait deux fois plus fréquente chez les étudiants qui en consomment tous les jours » &#8212; Bordeaux population health" data-secret="0W6EoXyMP6" frameborder="0" marginwidth="0" marginheight="0" scrolling="no" class="wp-embedded-content"></iframe><script type="text/javascript">
/* <![CDATA[ */
/*! This file is auto-generated */
!function(d,l){"use strict";l.querySelector&&d.addEventListener&&"undefined"!=typeof URL&&(d.wp=d.wp||{},d.wp.receiveEmbedMessage||(d.wp.receiveEmbedMessage=function(e){var t=e.data;if((t||t.secret||t.message||t.value)&&!/[^a-zA-Z0-9]/.test(t.secret)){for(var s,r,n,a=l.querySelectorAll('iframe[data-secret="'+t.secret+'"]'),o=l.querySelectorAll('blockquote[data-secret="'+t.secret+'"]'),c=new RegExp("^https?:$","i"),i=0;i<o.length;i++)o[i].style.display="none";for(i=0;i<a.length;i++)s=a[i],e.source===s.contentWindow&&(s.removeAttribute("style"),"height"===t.message?(1e3<(r=parseInt(t.value,10))?r=1e3:~~r<200&&(r=200),s.height=r):"link"===t.message&&(r=new URL(s.getAttribute("src")),n=new URL(t.value),c.test(n.protocol))&&n.host===r.host&&l.activeElement===s&&(d.top.location.href=t.value))}},d.addEventListener("message",d.wp.receiveEmbedMessage,!1),l.addEventListener("DOMContentLoaded",function(){for(var e,t,s=l.querySelectorAll("iframe.wp-embedded-content"),r=0;r<s.length;r++)(t=(e=s[r]).getAttribute("data-secret"))||(t=Math.random().toString(36).substring(2,12),e.src+="#?secret="+t,e.setAttribute("data-secret",t)),e.contentWindow.postMessage({message:"ready",secret:t},"*")},!1)))}(window,document);
//# sourceURL=https://www.bordeaux-population-health.center/wp-includes/js/wp-embed.min.js
/* ]]> */
</script>

Des chercheurs de l&rsquo;équipe HEALTHY ont publié dans Psychiatry Research une analyse approfondie sur l’association entre la consommation de cannabis et les troubles du sommeil dans un large échantillon d’étudiants universitaires de 14 787 personnes issues de la cohorte i-Share. © Unsplash En France, plus de la moitié des étudiants présentent des troubles du sommeil. [&hellip;]
